-43556 - 106 = -19*a. What are the prime factors of a?
2, 3, 383
Let o = 117 + -57. Let u = o + 148. List the prime factors of u.
2, 13
Suppose 1831*q - 1842*q + 11099 = 0. What are the prime factors of q?
1009
Let k be 10/4 + (-5)/(-10). Let z(i) = 2*i - 7. Let j be z(k). List the prime factors of j*4/4 + 6.
5
Let m(p) = -p**3 - 2*p**2 + 6*p - 3. Let t be m(-5). Let n = t - 4. What are the prime factors of n?
2, 19
Suppose 115 = w + 4*t, -6*t = 3*w - 2*t - 313. Suppose -3*g = -0*g - w. Let r = g - 11. List the prime factors of r.
2, 11
Let b(l) be the first derivative of 2*l**2 + l - 1. Let f(j) = -j**3 + 9*j**2 - 15*j + 9. Let t be f(7). What are the prime factors of b(t)?
3
List the prime factors of -6 + -1 + 12375/9.
2, 3, 19
Let w(u) be the second derivative of 247*u**4/12 + u**3/2 + 3*u**2/2 - 23*u. List the prime factors of w(-1).
13, 19
Suppose 4*t + 54 = 66. Suppose -3*p = 5*n - 742, -4*p + 246 = -3*p + t*n. List the prime factors of p.
3, 83
What are the prime factors of 5869 - ((4 - 12) + 16)?
5861
Suppose 5*u + 2394 = 4*o, -o + 928 - 325 = u. List the prime factors of o.
601
Let k(z) = z**3 + 11*z**2 - 18*z - 17. Let n be k(-12). Let s = -25 + n. Suppose 5*u - s = -2*f + 15, 4*f = -u + 27. List the prime factors of u.
7
Suppose -4*d = -20, 5*h + 3*d - 635 = -2*d. Suppose 0 = 2*m - h - 24. What are the prime factors of m?
73
Let i(g) = 19*g - 121. What are the prime factors of i(31)?
2, 3, 13
Suppose -178*i = -183*i + 2565. What are the prime factors of i?
3, 19
Suppose 0 = 10*i - 5*i - 40. Let x = i - 4. Suppose 40 - 14 = a - x*b, -2*a = -b - 17. What are the prime factors of a?
2, 3
Suppose 6*g - 4*g - 10 = 0. Suppose g*t = 5, -k + 4*t = 4*k - 346. List the prime factors of (-27)/(-5) - 28/k.
5
Let j(t) = 5*t**2 - 78*t + 5. List the prime factors of j(-6).
653
Suppose 5*l = 5, l = 5*y - 9 - 10. Suppose 4*t - 3*t = y, 0 = 2*b - 5*t + 26. Let n = b + 8. List the prime factors of n.
5
What are the prime factors of 1/(-1) - (-192 - -7)?
2, 23
Let b be 0/(1 + 0/(-4)). Suppose b = 17*d - 0*d - 272. What are the prime factors of d?
2
Let i(j) = 2*j**2 - 45*j - 13. Let s(k) = -k**2 + 23*k + 6. Let z(q) = -3*i(q) - 5*s(q). What are the prime factors of z(18)?
3, 5
Let r(t) = t**2 + 2*t + 8. Let j(z) = z**2 + 2*z + 1. Let g be j(-5). Let k = g - 10. List the prime factors of r(k).
2, 7
What are the prime factors of -3 - ((-94)/(-8))/(5/(-100))?
2, 29
Let v be (14 + -2)/(20/80). List the prime factors of ((-261)/2)/((-6)/v*4).
3, 29
Let p(v) = v - 3. Let a be p(3). Suppose a = -m + 2 + 1. Suppose 2*b - 42 = 3*x, b + 7*x - 21 = m*x. List the prime factors of b.
3, 7
Suppose 3*a = 1777 - 67. Suppose -108 + a = 7*d. List the prime factors of d.
2, 3, 11
Let p(f) be the first derivative of f**4/4 + 17*f**3/3 + 19*f**2/2 + 19*f - 24. What are the prime factors of p(-15)?
2, 23
Suppose 3*s - 395 = 43. Suppose -6*x + 4*x + s = 0. List the prime factors of x.
73
Suppose 3*v - 3*s - 390 = 0, 4*v = -5*s + 8*s + 519. Suppose 2*n + n = 3*i + 384, -v = -n + 2*i. What are the prime factors of n?
127
Let m be ((-2)/2)/(1/(-3)). Suppose -42 = g - m*g. What are the prime factors of g?
3, 7
Let r(i) = 92*i**3 - 7*i**2 + 11*i + 15. List the prime factors of r(3).
3, 823
Suppose -5*s - 4955 = -4*q, 0 = 5*q - s - 0*s - 6199. What are the prime factors of q?
2, 5, 31
Suppose 0*m - 15 = -3*m. Suppose 3*v - m*s - 322 = 0, 133 + 90 = 2*v + 5*s. What are the prime factors of v?
109
Suppose 3*a = -2*a. Let i be -9 - -11 - (-1 + -1 + 2). Suppose a*c - 58 = -i*c. What are the prime factors of c?
29
Let l = 46 + 49. Let h = 169 - l. What are the prime factors of h?
2, 37
Suppose 4*b - 6*b - 22 = 0. Let d = 62 + -90. Let q = b - d. List the prime factors of q.
17
Suppose 5*j - 2*u - 2090 = 0, 5*u = 2*j - 136 - 679. Suppose -7*b + b = -j. List the prime factors of b.
2, 5, 7
Let f = 20 + -18. What are the prime factors of ((-16)/(-3))/(f/36)?
2, 3
Let l(d) = 6*d. Let b be 4/(-54)*-3 + (-61)/(-9). What are the prime factors of l(b)?
2, 3, 7
Let m(q) = q**3 - 21*q**2 - 19*q - 29. List the prime factors of m(23).
2, 37
Let a = 752 + -341. What are the prime factors of a?
3, 137
Let h(x) = -x**3 + 5*x**2 + 6*x + 2. Let n = 6 - 0. Let q be h(n). Suppose -q*d - d = -114. List the prime factors of d.
2, 19
Let k = 138 - 48. What are the prime factors of k?
2, 3, 5
Suppose 3*z = -4*z + 1344. Suppose 0 = -8*i + 5*i + z. Suppose -3*j + 38 = -i. List the prime factors of j.
2, 17
Suppose -5 = 2*p - 3. Let y = 1 + p. Suppose y = l + 5*u - 21, 2*u = 5*l + u - 79. List the prime factors of l.
2
Let b(j) = -40*j - 51. Let h be b(-8). Let n = h - 37. What are the prime factors of n?
2, 29
Let i(n) = -n. Let o be i(-4). Suppose g + 0*g = o. Suppose -288 = -g*l - 0*l. List the prime factors of l.
2, 3
Let z be (0 - (0 + -2))/((-8)/12). What are the prime factors of (-8)/12*-276 + 9/z?
181
Suppose -5*l - 41 = -2*r, -3*r - 7*l - 1 = -2*l. Let p = r + -8. Suppose p = -t + 16 + 7. What are the prime factors of t?
23
Let i be ((-87)/(-12) + -3)*-4. What are the prime factors of (1 + i)*(15 + -19)?
2
Let v be 14/4*(-240)/(-42). Let j be (-9)/21 + v/(-35). List the prime factors of j + 75 - (0 + 2).
2, 3
Suppose 6*d = 7*d - 866. What are the prime factors of d?
2, 433
List the prime factors of 18/(-8)*(-40)/15.
2, 3
Let k = 417 - -148. List the prime factors of k.
5, 113
Suppose 1741*k - 1743*k = -4784. List the prime factors of k.
2, 13, 23
Let j(m) = -m**3 + 2*m**2 + m - 4. Suppose 0 = q - 4*q + 12. Suppose -2*g = -2*d - 2, 7 = -q*d - 5. What are the prime factors of j(g)?
2, 5
Let l(k) = -52*k - 82. List the prime factors of l(-10).
2, 3, 73
Let r = -956 - -1949. List the prime factors of r.
3, 331
Let v = 712 + 388. List the prime factors of v.
2, 5, 11
Suppose 43*u + 37642 = 54*u. What are the prime factors of u?
2, 29, 59
Suppose 9*k - 2747 = -578. List the prime factors of k.
241
What are the prime factors of -19 - -27 - 557*-5?
3, 7, 19
Suppose 0 = -q + 5*n - 5, -4*q + 85 = 4*n - 15. List the prime factors of q.
2, 5
Let s be (-8)/(-20) - 164/10. Let h = s - -99. List the prime factors of h.
83
Let q(l) = l**2 + 5*l - 8. Let v be q(-7). Suppose v*f + 32 = 5*f. Let o = 55 + f. List the prime factors of o.
23
Let i(q) = q**2 - 28*q - 15. List the prime factors of i(58).
3, 5, 23
Let q be ((-20)/(-8))/((-1)/(-2)). Suppose -q*l = -150 - 840. What are the prime factors of l?
2, 3, 11
What are the prime factors of -3 - (115/(-1) - -3)?
109
Suppose 0 = -3*c - 3*u - 144, -186 = 4*c - 4*u + 6. What are the prime factors of 1/(-4) - -519*(-20)/c?
2, 3
Suppose 5*v - 370 = -5*r, -5*v + 247 = -4*r - 123. Suppose -3*j + 46 = -v. List the prime factors of j.
2, 5
Let d(j) = -j. Let w be d(-4). What are the prime factors of (-1)/w - 3555/(-60)?
59
Suppose -3*z - 36 = 3*w, -4*z = 2*w - 6*z + 24. Let s(b) = b**3 + 16*b**2 + 27*b + 2. List the prime factors of s(w).
2, 127
Let s = 229 + -37. Let v be (20/5)/(3 - 1). Suppose s = v*u + u. List the prime factors of u.
2
Suppose 0 = -4*v + 3*h + 11, -h = 3*v + 3*h - 2. Suppose 116 = -v*a + 4*a + 2*k, -a + 49 = -2*k. What are the prime factors of a?
5, 11
Suppose -2*i - 3*k + 35 = 0, -29 = 3*i - 5*k - 110. Suppose 2*j = -j - 48. Let o = j + i. What are the prime factors of o?
2, 3
Let y(h) be the first derivative of -h**4/4 - 11*h**3/3 - 13*h**2/2 - 10*h - 1. Let d = -178 + 168. List the prime factors of y(d).
2, 5
Suppose 5*j = 3*i - 1420, -j = -4*i + 1262 + 654. What are the prime factors of i?
2, 3, 5
Suppose -15 = -6*w + w. Suppose 0*a = -w*g + a + 209, -2*g - a + 131 = 0. Let c = g - 45. List the prime factors of c.
23
Let d(n) = 4*n - 1 - 1 + 1 - 3*n. Let f be d(6). Suppose -1 - 14 = -f*b. What are the prime factors of b?
3
Suppose -10*s + 326 = -1814. List the prime factors of s.
2, 107
Let m be (-1)/(-4 - (-54)/14). Suppose -5*j + 258 = 3*i, -3*i = -m*i - 5*j + 349. List the prime factors of i.
7, 13
List the prime factors of ((-3495)/(-2))/((-520)/(-416)).
2, 3, 233
Suppose -1 = h, -t + 6*h = 2*h - 40. Suppose 34 = 2*m - t. List the prime factors of m.
5, 7
Suppose -z + 40 = -5*z. Let h(n) = n**3 + 12*n**2 + 15*n + 10. List the prime factors of h(z).
2, 3, 5
Let h be (-2)/(-3)*(-240)/(-32). What are the prime factors of 4/h*15/6?
2
Suppose -w = -3*w